 -6) + -12 - 42
-25
Calculate (28 - 34) + 20 + -35 + 52.
31
Evaluate -11 + (13 - -14) + (-90 - (2 + -9)).
-67
What is 2665 + -2662 + (1 - (-14 - -1))?
17
Evaluate (2 + 16 + -18 - -12) + (-4 - -47).
55
(-7 + 8 - 1 - (1 + 9)) + 1 + -6
-15
What is the value of -355 - -251 - (-84 - 3)?
-17
What is 866 + -839 - (47 + 1)?
-21
35 + -1 + -1 + (-5 - (6 + -13 + 2))
33
Calculate -12 + (26 - (-8 + (17 - -4) + -5)).
6
What is 57 - 27 - (-22 - -51)?
1
12 + -18 - (-48 - -36) - -4
10
Evaluate -52 - (-144 + -1 + 73).
20
Calculate -159 - -1 - (6517 - 6581).
-94
-3 + (1 - -5) - ((-18 - (24 + -93)) + -4)
-44
-47 - (7 + (-13 - (-27 - (-21 + 9))))
-56
Evaluate -1 + -45 + 1184 + -1093.
45
Calculate -2376 + 2335 + (-2 - -18) + -2 + 3.
-24
24 - (-23 - 2 - -9)
40
Calculate 0 - 7 - (15 - (26 - 3 - 9)).
-8
Calculate -2 - (-2 + -39 + (17 - (-7 + 19)) - 10).
44
15 + -24 + (-73 - -56)
-26
38 + (43 - 132) - -33
-18
Evaluate -9 + 11 + (-40 - -6 - 7) + -4.
-43
Calculate 12 + -5 + (-7 - 6) + (1 - 1) + -1.
-7
What is 6 - 4 - 0 - (12 + 50)?
-60
(-18 - 2) + -80 + (-8 - -5)
-103
-103 - (-101 - (26 - 49))
-25
Evaluate (-17 - (-19 - -8)) + 19 - 55.
-42
What is the value of -14 + 24 + (-21 + 35 - 22 - (0 - -40))?
-38
What is -2 + (13 - 19) + 32 + -9 + 95 + 1?
111
-11 + (2 + (-10 - -16) - (-36 + -5)) - 9
29
Calculate (18 - 3) + (51 - 32) + 6.
40
Calculate 10 + 16 + -7 + -17 + (-27 - 11).
-36
Evaluate (64 - 64) + -73 + 166.
93
Evaluate -4 + (-47 - (29 + -65)).
-15
What is (401 - 348) + -4 + -64?
-15
What is the value of -10 - (1 + 73 + (19 - 24) - (-116 - -116))?
-79
Calculate 29 - (6 - -77 - 18).
-36
What is (65 - 2) + 955 + -1025?
-7
Evaluate -40 - -47 - (1 + -3 + 2 + 20).
-13
4 - (2 + -11 + -2 - (-223 + 204)) - 13
-17
Evaluate 81 - 47 - ((12 - -8) + -4).
18
Evaluate (6 - 34) + (10 - (32 - (-9 + 9))).
-50
(3 - 2) + (-23 - 33)
-55
What is -2558 + 2604 - (-9 - -2)?
53
What is (-36 - (10 - 35)) + 132?
121
Calculate -9 - -27 - (62 + 8 + 77).
-129
What is -284 + 341 - (0 - -83)?
-26
Calculate -12 + 21 - 49 - -36.
-4
What is -12 + 24 + -3 + -7 + (-41 - (-4 + 8))?
-43
What is -8 + (-2 - (0 + 4 + -9)) - (-391 + 380)?
6
What is -23 + (-49 - -118 - 104)?
-58
What is -32 - (1 - 10 - ((-7 - -8 - 2) + -5))?
-29
-77 - (-73 + (59 - -4))
-67
Evaluate -57 + (5 + (6 - 5) - (3 + -11)).
-43
Calculate -10 - 1 - (14 - 21) - (-49 + 4 - 5).
46
Evaluate 122 - -2 - 80 - (-1 - (7 - (1 + -1))).
52
-3 + 3 + -6 - (2 - (64 - 150))
-94
What is the value of -41 - (17 - (23 + (22 - 7)))?
-20
-3 + 15 + -31 + 10 - -72
63
(109 - 107) + 6 + 1 - (13 + -14)
10
12 - (50 + -19 + -19 - -27)
-27
What is the value of (59 + -8 - 3) + (0 + -1 - -16)?
63
Calculate -2 + (-26 - -55) - 23.
4
Evaluate (13 + (15 - 23) - 45) + -20 + 25.
-35
29 + -129 - -48 - (7 + -10 + -1)
-48
What is the value of (-52 - 14 - -11) + 10?
-45
What is the value of (-30 - -2) + (-3 - (10 + -2)) + (6 - 2)?
-35
What is 41 + (-15 - (-29 + 16) - -1)?
40
Calculate (3 - 3 - -3) + 6 - (-21 - -58).
-28
What is (0 - (35 - 2)) + (-882 - -864)?
-51
15 + -129 - ((-37 - -65) + -41)
-101
-5 - (7 - 6 - (23 + 0 + (17 - 15)))
19
What is the value of (1 - -1) + -9 + (-3 - -73 - (41 - 13))?
35
Evaluate 46 - (-84 - -19) - 50.
61
What is the value of -23 - (39 + -36 + -40 - 94)?
108
-84 + 48 + -13 + -2
-51
What is -43 - ((-49 - (-9 + 5)) + 74)?
-72
Evaluate (-3 + -9 - -2) + 11 + 53 + -30.
24
29 - ((-6 - 7 - -37) + 52)
-47
What is the value of (-5 + 53 - 84) + 8 + -2?
-30
Evaluate -25 + (8 - 14) + 12 - -113.
94
What is the value of -2 - (18 - (-95 - -11)) - (-16 - (-5 + -4))?
-97
-2 - (-10 + 23 - 33 - 34)
52
Evaluate (-14 - -20) + (-15 - 0) - (10 + -26).
7
Calculate -21 - (-17 - -29 - 13) - -78.
58
Calculate -50 + -94 + 218 + 64.
138
(-16 - (56 + -88)) + -25 - (1 + 2)
-12
What is (1 - -13) + 1 - (189 + -202)?
28
Evaluate (-66 + 37 - -24) + (2 + 40 - -4).
41
Calculate 16 - -1 - -60 - (1 - -7) - -9 - 5.
73
19 + 8 + 1 + (12 - 185) + 12
-133
What is (-40 - -93) + -58 + -73 + 0?
-78
What is (45 - -22) + -39 + -28?
0
Evaluate -6 + (0 - -1) - -1 - (1790 - 1777).
-17
What is the value of 12 + -105 + -21 - (5 + 11 + -24)?
-106
(-74 - (-12 + 11)) + -1 + (-2 - (7 + -3))
-80
What is the value of (14 - 41 - -28) + (-2 - 2) + -4 + 5?
-2
What is the value of -17 - -1 - (-5 + 28 + 17 + -5)?
-51
What is (32 - 30) + 1 + -11 - (-5 + 37)?
-40
What is -7 - (0 - (-23 - -23)) - (-1 - -1)?
-7
Calculate -4 - -43 - (-70 - -98).
11
Evaluate (66 + -101 - (2 - 39) - (-114 + -1)) + -11.
106
21 + (2 + 6 - (-2 + -2))
33
What is the value of 4 + -4 - 65 - ((-12 - (-2 + 8)) + 27)?
-74
What is the value of -18 - (-2 + 2) - (3299 - 3403)?
86
-1 + -2 - ((0 - -62) + (11 + 4 - 16))
-64
Evaluate (-14 - -44) + 95 + -29.
96
Evaluate -49 - (4 - (0 + -11) - (-8 + 34)).
-38
-12 + -2 + -30 + 19 + (81 - 2)
54
-41 + -3 - (393 + -407)
-30
(3 - 7 - -24) + -44 + -33 + 27
-30
Evaluate 26 + -2 - (18 + 10 + -10 + (58 - 66)).
14
Calculate 49 + -49 - 21 - -14.
-7
What is 70 + 0 - (10 - (49 + -42 + (8 - 0)))?
75
Evaluate 3 + (0 - 2) - (-14 - 4) - (3745 + -3735).
9
What is 30 + (-11 - 105) + -15?
-101
Calculate (-23 - -8 - 3) + (-8 + 1 - -1).
-24
What is 1 - 17 - 5 - -52?
31
What is the value of 141 + -158 + -7 + 4?
-20
What is 0 + -5 - (0 - 0) - (96 + -32 - 73)?
4
Evaluate 6 - ((-15 - 11) + -3 - (-30 - -10)).
15
Calculate -23 + -13 + (13 - -16) - (-3 + 1).
-5
Evaluate 6 + 1 + (321 - 304) + -13 + 1.
12
What is -103 - 14 - (-74 + 48)?
-91
What is (168 - 132) + (-24 - 4)?
8
(-187 - 352) + 530 + (56 + -1 - (1 - 1))
46
What is the value of (-7 - (24 - 9 - 7)) + 19 + -76?
-72
(-38 - (6 - (19 + (11 - 20)))) + 1 + 5
-28
What is 110 + (42 - 11 - 67) + (10 - 0)?
84
What is 2 + 2 + 27 + -32 - (60 + -32 + 21)?
-50
What is the value of (252 - 66 - 94) + -121?
-29
Evaluate 2907 + -2829 + (0 + -28 - 0).
50
What is the value of 19 + (36 - 26) - 17 - 7?
5
Calculate -6 + -2 - ((-26 - 3) + 2 - (80 + -91)).
8
Evaluate -85 + 93 + (-24 - 2).
-18
Evaluate -49 - (77 - (86 - 32)).
-72
What is -87 + 48 + 148 + -84?
25
Calculate (101 - 184) + 70 - (-1 + -55).
43
Calculate -5 + 1 + 1472 + -1477.
-9
What is -25 + 0 + (-17 - -6) + -2?
-38
Evaluate -69 + (-3 + 23 - (-396 - -387)).
-40
Evaluate -24 + (-8 - -31) - -82 - ((3 - 0) + 5).
73
55 - (-155 + 110 - -76)
24
Evaluate 1 + -60 + 0 - (-23421 - -23422).
-60
What is the value of 10 - (25 + -10) - (31 - 14)?
-22
(-124 - -106) + (0 - -20) - (19 - 1)
-16
Evaluate -7 - (-34 + 25 + -9) - 18.
-7
Calculate (11 - (-23 - -41)) + -12 - 6.
-25
Evaluate -12 - ((-6 - 41) + (90 - 66)).
11
What is 21 + -22 + (-4 - 64 - -41)?
-28
What is -1 - (2 + 4) - (30 - (-3 - (16 - -15)))?
-71
What is the value of 4773 - 4639 - (-2 - -63)?
73
Calculate (0 - 16 - ((-82 - -191) + -132)) + (-133 - -3).
-123
What is the value of -8 + (0 + 2 - (-25 + -21 - -16))?
24
What is 13 + -6 - 0 - (-11 + 3) - (-16 + 17)?
14
What is the value of (-36 - (-65 - -10)) + (4 - 21)?
2
Evaluate (11 - -9 - 11) + (2 - -15).
26
Calculate -26 - (42 + (55 - 57)).
-66
What is the value of (-7 - -3 - -12) + 2 + (-182 - -173)?
1
Calculate -65 + -3 - (-2653 + 2691).
-106
What is (-4 - 0) + (-65 - -57) + (26 + -118 - 23)?
-127
Calculate 3 + (-3 - 2) - (-26 - -8 - -6 - -11).
-1
Calculate (-15 - 2) + 6 + -10 + -8 + 10.
-19
Evaluate -46 - (18 + -142 + 40).
38
What is -1007 - -1008 - (-1 + -2 + -3 - -2)?
5
What is (44 - (0 - 7 - 0)) + -14 + (-6 - 1)?
30
-9 + (-75 - -119) + -83
-48
(-1524 - -1523) + (2 - -67)
68
-48 + 6 + -9 + (-2 - (-7 - (11 + -8)))
-43
What is the value of (5 - 10) + -5 + 35 + 4 - -11?
40
Calculate -135 + (82 - 61) - -36.
-78
What is the value of 47 + (-20 + 29 + -6 - -10)?
60
Calculate -10 - (3 + -15 + 4 + (5 - (-19 - -9))).
-17
What is the value of 288 + -329 + -5 + (1 - 0) + -5?
-50
Evaluate (-27 - -97) + -72 + (2 - 1 - 39).
-40
What is the value of -31 + 11 + (4 - (22 + -12))?
-26
What is the value of -7 + 22 + -9 + (5 - 3 - 4) - -34?
38
Evaluate -4 + -286 + 296 + (-1 - -48).
53
Calculate -3 + (2 - 3) + 9 + 15 + -23.
-3
Calculate -95 - (101 + -259 + 48).
15
Calculate 22 + -2 - (77 + -27).
-30
22 + -34 + 22 + -59
-49
What is (3 - 1) + 5 + (38 - 19) + -33 + 10?
3
What is the value of 3 + -4 + 16 + 3 - (-401 + 383)?
36
Evaluate -37 + -18 + (34 - 65).
-86
Evaluate -4408 + 4459 - (34 - 0).
17
What is the value of (-3 - 0) + (13 - (7 - (-11 - -7) - 10))?
9
Eva